303. Give x(-21).
9
Let q(a) = 40*a - 191. Determine q(4).
-31
Let a(s) = s**3 + 42*s**2 - 25*s - 1069. Give a(-42).
-19
Let g(a) = 6*a**2 - 137*a - 143. Determine g(24).
25
Let u(x) = 89*x**3 - 3*x**2 + 5*x - 1. Determine u(1).
90
Let k(z) = -6*z**2 - 528*z + 1069. Give k(-90).
-11
Let p(k) = -k**3 - 38*k**2 + 38*k - 18. Determine p(-39).
21
Let o(n) = -6*n**2 + 5. What is o(-4)?
-91
Let h(q) = -2*q**2 + 70*q + 790. Determine h(-10).
-110
Let i(g) = g**3 + 3*g**2 - 23*g. Give i(-6).
30
Let q(h) = 1948*h + 17534. Calculate q(-9).
2
Let p(u) = u**2 - 95*u - 91688. Calculate p(354).
-2
Let n(k) = -k**3 - 41*k**2 + 223*k - 230. Calculate n(-46).
92
Let z(i) = 36*i + 259. Determine z(-10).
-101
Let t(o) = -2*o**2 - 29*o - 36. Calculate t(-19).
-207
Let t(v) = -370*v - 34045. Calculate t(-92).
-5
Let y(p) = -4*p**2 + 122*p + 292. Give y(32).
100
Let b(s) = -2*s**3 + 14*s**2 + 22*s - 45. Determine b(8).
3
Let y(s) = -1061*s - 1013. Determine y(-1).
48
Let s(h) = -100*h + 491. What is s(4)?
91
Let l(v) = -v**3 - 6*v**2 + 5*v + 27. Determine l(-6).
-3
Let m(t) = 48*t + 1599. Give m(-33).
15
Let r(a) = 1648*a + 11534. Calculate r(-7).
-2
Let q(g) = -163*g + 1295. Calculate q(8).
-9
Let g(u) = -12*u - 71. Determine g(8).
-167
Let j(z) = 9*z**2 - 128*z - 655. Calculate j(-4).
1
Let d(w) = w**3 + 17*w**2 + 59*w + 22. What is d(-12)?
34
Let i(z) = z**3 - 19*z**2 - 34*z - 149. Determine i(21).
19
Let x(w) = w**2 + 94*w - 664. Calculate x(-101).
43
Let u(t) = 18*t**2 - 7*t + 17. Determine u(3).
158
Let s(l) = -l**2 + 49*l + 948. What is s(-15)?
-12
Let j(r) = -8495*r - 25484. Give j(-3).
1
Let q(u) = 2*u**2 + 22*u - 257. Determine q(-19).
47
Let x(k) = -1212*k + 8697. Calculate x(7).
213
Let z(t) = t**3 - 29*t**2 - 16*t + 127. Calculate z(29).
-337
Let b(r) = -r**2 - 34*r - 96. Give b(-33).
-63
Let j(y) = -y**2 - 135*y - 2390. Determine j(-114).
4
Let u(r) = -r**3 - 124*r**2 - 1242*r + 109. Determine u(-113).
-4
Let c(b) = b**3 + 50*b**2 + 445*b + 19409. Give c(-49).
5
Let r(u) = -2873*u + 264319. Give r(92).
3
Let o(t) = -2*t**2 + 82*t - 162. Determine o(39).
-6
Let z(w) = -19*w**2 + 155*w + 202. Determine z(9).
58
Let q(z) = -290*z - 3999. Determine q(-14).
61
Let q(h) = -2*h**3 - 57*h**2 - 226*h - 26. Calculate q(-24).
214
Let y(m) = -21*m**3 - 7*m**2 + 7*m + 1. Give y(1).
-20
Let z(w) = -w**2 - 8*w - 158. Determine z(9).
-311
Let i(h) = 37*h - 68. Determine i(13).
413
Let w(d) = -7*d - 56. Determine w(-7).
-7
Let p(v) = -2*v**2 + 10*v + 38. Calculate p(-3).
-10
Let d(t) = -t**2 + 644*t + 12599. Calculate d(-19).
2
Let a(q) = -188*q**2 + 15226*q + 155. Determine a(81).
-7
Let z(n) = -66*n - 203. Calculate z(-4).
61
Let h(b) = -b**3 - 32*b**2 - 33*b - 71. What is h(-31)?
-9
Let d(l) = -4*l**2 + 60*l - 110. Calculate d(13).
-6
Let b(u) = u**2 + 30*u - 631. Calculate b(-36).
-415
Let c(w) = -w**2 + 62*w - 116. What is c(50)?
484
Let f(r) = -r**2 - 32*r + 38. Determine f(-11).
269
Let o(s) = -3*s**2 + 23*s - 77. What is o(6)?
-47
Let x(h) = -h**3 + 5*h**2 + 899*h - 4518. Calculate x(5).
-23
Let h(l) = 1465*l - 58574. Calculate h(40).
26
Let i(j) = -138*j + 275. What is i(2)?
-1
Let u(n) = 243*n**2 + 23*n + 33. What is u(-1)?
253
Let g(y) = -y**3 - 28*y**2 - 79*y - 112. Calculate g(-25).
-12
Let l(k) = 233*k**2 + 925*k - 11. Determine l(-4).
17
Let d(n) = n**2 - n - 55. Determine d(-8).
17
Let h(r) = -3*r + 110. What is h(-8)?
134
Let o(u) = -2*u**2 - 28*u - 85. Calculate o(-10).
-5
Let z(x) = -x**3 - 24*x**2 + 253*x - 19. Calculate z(8).
-43
Let s(l) = l**2 + l - 202. Calculate s(23).
350
Let t(f) = -11*f**2 + 390*f - 1174. What is t(3)?
-103
Let i(g) = -g**3 - 24*g**2 + 10*g - 213. Determine i(-24).
-453
Let o(k) = 2*k**3 + 93*k**2 - 141*k + 145. Calculate o(-48).
1
Let s(h) = 1144*h - 6854. What is s(6)?
10
Let u(p) = 18*p + 358. Determine u(-20).
-2
Let y(b) = 1311*b + 2616. What is y(-2)?
-6
Let p(q) = -3*q**3 + 26*q**2 + 3*q + 20. What is p(9)?
-34
Let r(t) = -3*t**3 + 2*t**2 + t + 86. What is r(0)?
86
Let a(v) = -1440*v - 17288. Calculate a(-12).
-8
Let b(x) = -7*x**2 - 22*x + 129. Calculate b(3).
0
Let n(w) = -9976*w - 39866. Calculate n(-4).
38
Let w(d) = -226*d - 902. Give w(-4).
2
Let u(f) = 2*f**2 - 21*f - 118. Calculate u(-4).
-2
Let y(b) = b**2 - 41*b + 168. Give y(7).
-70
Let b(q) = -q**3 - 4*q**2 + 84*q + 253. Give b(-3).
-8
Let y(h) = -126*h + 11581. Give y(92).
-11
Let g(s) = s - 54. Give g(2).
-52
Let y(n) = -309*n - 2600. Determine y(-8).
-128
Let x(f) = 2*f**2 - 103*f + 416. What is x(5)?
-49
Let x(m) = -73*m + 5475. What is x(75)?
0
Let b(j) = 12*j - 306. Give b(27).
18
Let l(g) = -2*g**2 + 60*g - 42. Calculate l(29).
16
Let v(u) = -u**3 + 140*u**2 - 123*u - 2298. Determine v(139).
-74
Let u(p) = 371*p - 8443. What is u(23)?
90
Let h(f) = -88*f**2 + 12*f - 1. Determine h(2).
-329
Let r(u) = 218*u - 1517. Determine r(7).
9
Let z(d) = d**3 - 66*d**2 + 71*d - 506. Calculate z(65).
-116
Let s(x) = -6*x**2 + 406*x - 1206. What is s(3)?
-42
Let w(n) = -14*n**2 - 82*n - 13. What is w(-4)?
91
Let d(x) = -7*x**2 + 150*x - 432. Calculate d(18).
0
Let w(u) = 3*u**2 - 82*u + 109. Give w(22).
-243
Let r(c) = 2*c**2 + 40*c + 41. Calculate r(-19).
3
Let k(t) = 2*t**3 - 69*t**2 + 30*t + 15. Determine k(34).
-121
Let c(o) = -16*o**2 - 106*o - 106. Give c(-9).
-448
Let h(n) = 10*n**3 + 128*n**2 - 27*n + 8. Determine h(-13).
21
Let w(i) = -346*i - 10377. Give w(-30).
3
Let y(p) = 870*p - 13979. Determine y(16).
-59
Let m(f) = 20*f + 368. What is m(19)?
748
Let c(h) = -4*h - 3. Give c(5).
-23
Let i(q) = 72*q + 51. Give i(-12).
-813
Let h(u) = 5*u**3 + 449*u**2 - 91*u - 100. Determine h(-90).
-10
Let l(t) = -t**3 - 26*t**2 + 45*t - 331. Give l(-28).
-23
Let k(s) = 52*s + 584. What is k(-6)?
272
Let z(d) = 43*d - 1219. Give z(29).
28
Let s(l) = -l**2 + 4*l + 53. What is s(-17)?
-304
Let c(y) = y**2 - 22*y - 260. What is c(29)?
-57
Let b(c) = -3*c**2 + 84*c + 169. Give b(-2).
-11
Let x(o) = -225*o - 17780. Determine x(-79).
-5
Let b(c) = -308*c**3 + 2*c**2 - 31*c - 33. Give b(-1).
308
Let i(x) = x**3 + 21*x**2 - 49*x - 577. Calculate i(-22).
17
Let m(u) = -u**2 + 20*u - 88. Calculate m(16).
-24
Let d(i) = 110*i + 833. Determine d(-7).
63
Let t(c) = c**3 + 38*c**2 - 213*c + 64. What is t(-43)?
-22
Let i(h) = 2565*h - 12821. What is i(5)?
4
Let h(w) = -w**3 + 21*w**2 - 27*w + 970. Calculate h(22).
-108
Let w(m) = 17*m**2 - 435*m + 251. Determine w(25).
1
Let f(a) = 6*a**2 - 13*a - 367. What is f(9)?
2
Let q(x) = -9*x - 627. Give q(-41).
-258
Let v(r) = r**3 + 24*r**2 + 124*r - 38. What is v(-8)?
-6
Let l(o) = o**3 + 14*o**2 + 35*o - 83. Determine l(-9).
7
Let b(m) = -m**2 - 299*m - 19112. Determine b(-93).
46
Let d(g) = -12*g**3 + 70*g**2 - 8*g + 15. Determine d(6).
-105
Let v(s) = 75*s - 113. Determine v(2).
37
Let h(o) = -48*o - 2590. Determine h(-54).
2
Let n(c) = -5*c**2 - 14*c - 5. Calculate n(-3).
-8
Let t(l) = 4*l**2 + 212*l + 2729. Calculate t(-31).
1
Let b(n) = -29*n - 1215. What is b(-42)?
3
Let h(l) = -l**3 + 3*l**2 + 37*l - 118. Give h(3).
-7
Let l(b) = -100*b + 5901. What is l(59)?
1
Let r(f) = -647*f - 2170. Calculate r(-3).
-229
Let y(c) = -16*c**3 - 6*c**2 - 11*c - 9. What is y(-2)?
117
Let i(w) = -11*w**2 + 1027*w - 383. Determine i(93).
-11
Let n(v) = -4*v + 509. Calculate n(25).
409
Let h(v) = -41*v + 4922. Determine h(120).
2
Let q(y) = -y**3 - 8*y**2 + 6*y + 108. Give q(-6).
0
Let y(q) = -11*q**2 - 423*q - 1351. Calculate y(-35).
-21
Let v(s) = -17*s + 674. Give v(40).
-6
Let s(h) = -31*h + 594. What is s(19)?
5
Let b(w) = -w**3 - 7*w**2 + 14*w - 16. Calculate b(-7).
-114
Let t(f) = -f**3 - 300*f**2 + 1232*f + 4864. What is t(-304)?
0
Let g(v) = -4239*v + 50876. Give g(12).
8
Let j(u) = -32*u - 98. What is j(0)?
-98
Let q(u) = -26*u + 2194. Determine q(73).
296
Let k(c) = -c**3 + 9*c**2 - 835*c + 3238. Determine k(4).
-22
Let t(v) = -2*v**3 + 17*v**2 + v + 52. Give t(9).
-20
Let k(i) = -66*i - 138. Determine k(-3).
60
Let p(f) = 13*f**2 + 897*f - 24. Determine p(-69).
-24
Let a(n) = -33*n**2 - 12*n - 18. What is a(-2)?
-126
Let f(w) = -w**3 + 11*w**2 - 73*w + 98. Give f(2).
-12
Let a(o) = -13*o - 55. What is a(7)?
-146
Let k(s) = -3*s**2 + 249*s - 1617. Give k(76).
-21
Let h(j) = j**3 - 44*j**2 + 93*j + 101. Calculate h(42).
479
Let a(m)